17*p - 40 = 9*p. Suppose -3 = 3*m, -5*x + 0*x + 1890 = p*m. Let v = 552 - x. What is the hundreds digit of v?
1
Suppose 28 = -x + 4*o, 3*o = -4*x - 2*o - 70. Let u be (-84)/(-22) + x/(-110). Suppose 4*b + u = 0, -2*b - 118 = -5*m + b. What is the tens digit of m?
2
Suppose -4*j + 278 = -2*p + 54, 0 = 2*j - 7*p - 136. Suppose -4*v + v + 39 = 0. Suppose -3*z - 320 = -4*u, -j = -u + 4*z + v. What is the tens digit of u?
8
Let y(x) = -x + 11. Let f be y(8). Suppose 2*b - f*b = -93. Let j = -51 + b. What is the tens digit of j?
4
Let h(f) = f**3 - 48*f**2 - 38*f - 127. What is the tens digit of h(56)?
3
What is the thousands digit of ((-11364)/(-7))/((-11)/(-77))?
1
Suppose 6*l = -12 + 14490. What is the thousands digit of l?
2
Suppose -50*k + 53*k - 1845 = 0. Suppose -3 = 4*y - k. Suppose 2*x + 3*x = 5*u - 215, y = 3*u + 5*x. What is the units digit of u?
6
Suppose -223 - 697 = g. Let t = g - -1315. What is the hundreds digit of t?
3
Let c be 724/(-12) + 2/6. Let u = -30 - c. What is the units digit of u/(-135) + 814/18?
5
Suppose -3*n + n = 0. Suppose y - 6 - 30 = n. What is the tens digit of 168/y*(-33)/(-2)?
7
Let u(x) = x**3 - 19*x**2 - 16*x - 20. Let l be u(19). Let k be ((-2)/(-2) - l)*(0 - 1). Let a = k + 471. What is the hundreds digit of a?
1
Suppose -3*i + 3*a = -1482, -2*i - 4*a + 2479 = 3*i. What is the hundreds digit of i + 19 + 0/(-2)?
5
Let d(q) = -200*q + 6. Let p be (6/10 + 0)*5. Let r(h) = -200*h + 7. Let k(w) = p*r(w) - 4*d(w). What is the units digit of k(1)?
7
Suppose -i = -4*n + 4847, 0 = i - 3*n + 5754 - 909. What is the tens digit of (7/((-49)/14))/(6/i)?
1
Suppose -9*l + 10158 = -4440. What is the units digit of l?
2
Suppose 11*g + 21 = 18*g. Suppose -g*a + 1578 - 474 = 0. What is the units digit of a?
8
Let i(a) = -886*a - 5571. What is the hundreds digit of i(-63)?
2
Suppose 0*y - 2*y + 10 = 0. Suppose 0 = 4*z - 5*u - 22, -2*u - 19 = -y*z - 0*u. Suppose 165 = 5*a + 2*k + z*k, 2*a + 3*k - 61 = 0. What is the tens digit of a?
3
What is the thousands digit of 2*((-18987)/27)/((-6)/18)*6?
5
Let p = 15614 + -9298. What is the hundreds digit of p?
3
Let d = 998 + -1476. Let l = 90 - d. What is the hundreds digit of l?
5
Let r(b) = 140*b**2 - 136*b - 8. What is the ten thousands digit of r(10)?
1
Let i be (0 - (-4)/(-3)) + (-69049)/87. Let f = i - -1359. What is the tens digit of f?
6
Let p = 118 - 108. What is the units digit of (p + -19)/(-3) - (-122 + -1)?
6
Let l = 328 - 334. What is the units digit of 4/l - (-4979)/39?
7
Let m be 8/20 + 82/(-5). Let x be (-1)/((-3)/119) - 164/(-123). Let g = m + x. What is the units digit of g?
5
Let c = 3575 + -2280. Suppose 3*j - c + 299 = 0. What is the units digit of j?
2
Let l(r) = -r**2 - 18*r - 11. Let d be l(-18). Let v(n) = n**3 + 16*n**2 + 21*n + 157. What is the tens digit of v(d)?
3
Let o be 0 - 2 - (2/(-2) - 5). Let l(f) = -o*f + 13*f + 55*f - 4*f - 4. What is the hundreds digit of l(2)?
1
What is the tens digit of 1467125/250 - 9/6?
6
Let g(i) = -3*i**3 + 15*i**2 - 3*i + 24. What is the hundreds digit of g(-7)?
8
Let z be (-57954)/195*10/(-4). Suppose 7*m - z = 818. What is the units digit of m?
3
Suppose 2*c - 2*s - 1356 = -3*c, c - 2*s - 268 = 0. Let w = -2545 + 2549. Suppose 300 + c = w*k. What is the units digit of k?
3
Let o(m) = -m**2 - 24*m + 6. Let v be o(-22). Let p be ((-15)/v*2)/((-1)/235). Let c = p - -95. What is the hundreds digit of c?
2
Suppose 54 = 2*z + 3*s, -135 = -5*z - 3*s - 0*s. Let c be (3738/(-28) + 26)*(-28 - -2). Suppose z*t = 14*t + c. What is the hundreds digit of t?
2
Let k = -159 - -103. What is the hundreds digit of k/(-21)*-33*(-26)/8?
2
Let f be ((-16)/(-4) + -205)/((-1)/3). Let l = 1209 - f. What is the hundreds digit of l?
6
Suppose -2*p + 2*o = -4349 - 1219, -2*p = 2*o - 5564. Suppose -18*j + 7*j + p = 0. What is the tens digit of j?
5
Suppose -762588 = -2124*n + 2106*n. What is the tens digit of n?
6
Let k be -1 - 133 - (-10 + 9)*3. Let b = 245 - k. Let o = -128 + b. What is the hundreds digit of o?
2
Let t be 1/(-3) - 28/(-12). Suppose 4*c - 6*c + 5*q = -13, t*q = 10. What is the tens digit of c?
1
What is the tens digit of (209729430/5025)/(2*6/20)?
6
Let n = 10234 - 6044. What is the hundreds digit of n?
1
Let g be -2 - 726/11 - (6 + -1). Let u = g + 136. What is the units digit of u?
3
Suppose 0 = -4*a + 4*j + 12, -19 = 5*a - 8*a + j. Suppose 2*b + 3*k - 957 = 0, -3*b + a*b - 2455 = 5*k. What is the tens digit of b?
8
Suppose -13*u = -5*u - 8780 - 16092. What is the hundreds digit of u?
1
Let v(y) = -y**3 + 7*y**2 + 2*y - 11. Let o be v(7). Let i be (-480)/18 + (-1)/o. What is the units digit of (-9)/(-5)*(-2 - i)?
5
Let b = 1866 + 1665. What is the units digit of b?
1
Let s(y) = 12*y - 260. Let q be s(21). Let r(w) = -72*w + 53. What is the tens digit of r(q)?
2
Suppose 12*b - 3004 = -12964. Let f = 1977 + b. What is the units digit of f?
7
Let p(x) be the first derivative of -x**4/4 + 13*x**3/3 + 17*x**2/2 + 13*x - 2. Let m = -12 + 26. What is the units digit of p(m)?
5
What is the thousands digit of (167 - 9)*26/(-4)*-3?
3
Suppose 5*m - 1 = 4*m, 5*g + 3*m - 2373 = 0. What is the units digit of (-11)/((-33)/g) - 3?
5
Suppose w - 4*r - 19224 = 0, 5*w = -6*r - 1038 + 97002. What is the thousands digit of w?
9
Let a = -77715 + 170163. What is the tens digit of a?
4
What is the hundreds digit of 11/(220/348696)*(-170)/(-68)?
5
Let w = -123 + 151. Let c(v) = v**3 - 26*v**2 - 49*v - 57. What is the hundreds digit of c(w)?
1
Let s = -29 + 37. Suppose s*d - 24 = 2*d. Suppose -4*p + 364 + 284 = -5*m, d*p + 2*m = 648. What is the hundreds digit of p?
1
Let i = -34 - 38. Let l be (2/(-4))/(3 + 21/(-6)). What is the tens digit of (i/24)/(89/(-86) + l)?
8
Let z(m) = -4*m - 53. Let d be z(-17). What is the hundreds digit of ((d/(-3))/15)/((-1)/678)?
2
Let j = -108 + 136. Let y = -44 + j. What is the hundreds digit of (-3516)/(-14) + (-2)/(-2 - y)?
2
Let q = -42 - -45. Suppose t = -q*w + 138, 3*t - 183 = -4*w + 1. Suppose 7*z - 228 = -w. What is the units digit of z?
6
Suppose 6*z - 3*z + 3*t = 21, 4*t = 0. Let r be 18618/42 + (-2)/z. Suppose -r = -6*v + 115. What is the units digit of v?
3
Suppose 0 = -4*m + 3*w + 8, 4*w = 3*m - 6*m + 6. Suppose -4*q + 668 = 2*u, 0 = m*u + 2*u - 3*q - 1303. What is the hundreds digit of u?
3
Suppose -4*c + 3 = -3*w, 0 = 6*c - 3*c - w - 6. Let t(z) = z. Let h be t(3). Suppose c*x + h*o - 282 = -0*x, -x = -2*o - 79. What is the units digit of x?
9
Suppose 3*t - 3 - 12 = 0. Let h be 1*4*2768/64. Suppose -4*b - 13 = -2*f + h, -4*f - t*b + 411 = 0. What is the tens digit of f?
9
Let i be ((-105)/(-14))/1*46/3. Let j = 36 + i. Suppose 2*x - j = 181. What is the hundreds digit of x?
1
Let t(g) = g**2 + 7*g + 10. Let a be t(-6). Suppose -i - 136 = -3*i - 5*c, -a*c - 100 = -2*i. Let v = 148 - i. What is the units digit of v?
0
Let n = -467 - -672. Suppose -3*i + 20 = 2*i. Suppose -3*b = -n + i. What is the units digit of b?
7
Let l(u) = u**3 - 6*u**2 - 4*u - 17. Let v be l(7). What is the tens digit of (-407)/((v/(12/(-3)))/1)?
0
Let a(v) = -612*v - 341. What is the hundreds digit of a(-10)?
7
Suppose 3*c = -p - 2, -c + 2*p = 6*p + 8. Suppose -683 = -2*w - 5*m - c*m, -4*w = 2*m - 1390. What is the tens digit of w?
4
Let r(f) = 3796 - 2*f**2 - 2*f**2 - 3724 + 15*f**2 - 14*f. What is the tens digit of r(6)?
8
Let r be (12/22)/(9/66). Suppose -4*x = -3*g + 3318, 289 = -4*g + r*x + 4713. What is the units digit of g?
6
Let n(q) = q**2 - 2*q - 9. Let i be n(5). Suppose 3*c + 4*o + i = o, -2*o - 2 = 4*c. What is the units digit of (-1)/(-1) + c - (-77 - -1)?
8
Suppose 7*f - 379215 = -t, 5*f - 2*t - 270873 = -t. What is the thousands digit of f?
4
Let g = 189 + -177. What is the tens digit of 503*7/28 - 9/g?
2
Let w(n) = 6*n**2 - 4*n - 12. Let a(g) = -2*g + 14. Let c be a(4). What is the units digit of w(c)?
0
Suppose 8 = -19*n + 20*n. Suppose -u - 4 = l, 2*l + n = -u - 0*l. Suppose -5*p + 7*o - 3*o = -1054, u = -3*o + 12. What is the tens digit of p?
1
Let x be 2 + (-18)/(-4) - (-15)/(-30). Suppose 0 = a - x + 3. Suppose -13 + a = -5*o, -o + 127 = s. What is the tens digit of s?
2
Let l(f) = -f**2 - 6*f - 8. Let g = 4 + -2. Let h be (-1)/((-14)/(-6) - g). What is the units digit of l(h)?
1
Suppose -3915*a + 3938*a = 171557.